{"id":226,"date":"2015-05-29T01:38:16","date_gmt":"2015-05-29T07:38:16","guid":{"rendered":"http:\/\/precision.migueljustino.com\/?page_id=226"},"modified":"2018-09-21T13:20:47","modified_gmt":"2018-09-21T19:20:47","slug":"nosotros","status":"publish","type":"page","link":"http:\/\/www.precision.com.gt\/home\/nosotros\/","title":{"rendered":"Nuestra Empresa"},"content":{"rendered":"<div class=\"precision_blog_full\">\r\n<div class=\"precision_blog_post_content\">\r\n<h1>Quienes Somos<\/h1>\r\nFundada en 1960; <a href=\"http:\/\/www.precision.com.gt\/\">Precision\u00a0S.A.<\/a> es una empresa proveedora de equipos para laboratorio y servicios de mantenimiento preventivo y correctivo. Realizamos calibraciones confiables a instrumentos de pesaje, medici\u00f3n topogr\u00e1fica y medici\u00f3n volum\u00e9trica con sus respectivas certificaciones; ofrecemos productos respaldados de marcas con origen suizo y alem\u00e1n reconocidas a nivel mundial.\r\n\r\nSomos representantes del Grupo de <a href=\"https:\/\/www.mt.com\/int\/es\/home.html\">Mettler Toledo<\/a>, <a href=\"http:\/\/www.leica-geosystems.es\/es\/index.htm\">Leica GeoSystems<\/a>, <a href=\"https:\/\/www.leica-microsystems.com\/es\/\">Leica MicroSystems<\/a>, del equipo <a href=\"https:\/\/www.buchi.com\/es-es\">B\u00dcCHI Labortechnik<\/a>, <a href=\"http:\/\/www.wasserlab.com\">Wasserlab<\/a>, <a href=\"https:\/\/www.lufft.com\">Lufft<\/a>, y <a href=\"https:\/\/www.miele.es\/professional\/index.htm\">M\u00edele Professional<\/a>.\r\n\r\nDesde la fundaci\u00f3n de Precision S.A. se ha mantenido un modelo de negocios sostenible que le permite no solo vender; instrumentos de pesaje precisos, equipo de microscopia de calidad, instrumentaci\u00f3n y accesorios para medici\u00f3n topogr\u00e1fica, o equipos espec\u00edficos para laboratorios; sino tambi\u00e9n que pueda asesorar a las empresas de las \u00e1reas de industria, m\u00e9dica, educativa, de control de calidad y de laboratorios tanto nacionales como multinacionales lideres de sus respectivas \u00e1reas, implementando tecnolog\u00edas a la vanguardia para satisfacer sus diferentes necesidades, convirtiendo a la empresa en una pionera de la innovaci\u00f3n.\r\n\r\nPrecision S.A. cuenta con personal calificado y competente, capacitado peri\u00f3dicamente para mantener a la empresa actualizada constantemente. Lo que le permite a la empresa comprobar y asegurar los equipos con alta calidad y se cuentan con un soporte t\u00e9cnico de primera; garantizando todos los resultados que se obtengan de las calibraciones realizadas.\r\n\r\nRespaldado por un taller de servicio certificado y un laboratorio con todos los equipos y regulaciones que exigen de las diferentes representaciones; lo que garantiza que las inversiones de nuestros clientes se encuentran altamente garantizadas. El taller cuenta con tecnolog\u00eda y las Normas Internacionales de Gesti\u00f3n de Calidad y Medioambientales: ISO9001\/9002, ISO14001, ISO25000 e ISO17025.\r\n<h2>Misi\u00f3n<\/h2>\r\nPrecision S.A. es una empresa proveedora de equipo y servicios de mantenimiento de alta tecnolog\u00eda, realizamos mantenimiento preventivo, reparaciones, calibraciones y certificaciones confiables a instrumentos de pesaje, medici\u00f3n topogr\u00e1fica y medici\u00f3n volum\u00e9trica; ofrecemos productos respaldados con marcas de origen suizo y alem\u00e1n reconocidas a nivel mundial, logrando satisfacer las necesidades de los clientes con nuestra asesor\u00eda y garant\u00eda previas y posteriores a la compra.\r\n<h2>Visi\u00f3n<\/h2>\r\nSer una empresa reconocida a nivel regional a trav\u00e9s de acreditaciones, por tener un Sistema de Gesti\u00f3n de la Calidad que permita demostrar su calidad, validez y exactitud en sus servicios de calibraci\u00f3n de equipo a la industria, esto conforme los requerimientos de las normas m\u00e1s actuales, al contar con el mejor respaldo de servicio t\u00e9cnico en la representaci\u00f3n de nuestras marcas.\r\n<h2>Valores<\/h2>\r\nLos valores que Precision S.A. busca e implementa en su labor diaria son:\r\n<ul>\r\n \t<li>Lealtad<\/li>\r\n \t<li>Responsabilidad<\/li>\r\n \t<li>Honestidad<\/li>\r\n \t<li>Optimismo<\/li>\r\n \t<li>M\u00edstica de entrega<\/li>\r\n \t<li>Trabajo en equipo<\/li>\r\n<\/ul>\r\n<\/div>\r\n<\/div>","protected":false},"excerpt":{"rendered":"Quienes Somos Fundada en 1960; Precision\u00a0S.A. es una empresa proveedora de equipos para laboratorio y servicios de mantenimiento preventivo y correctivo. Realizamos calibraciones confiables a instrumentos de pesaje, medici\u00f3n topogr\u00e1fica y medici\u00f3n volum\u00e9trica con sus respectivas certificaciones; ofrecemos productos respaldados de marcas con origen suizo y alem\u00e1n reconocidas a nivel mundial. Somos representantes del Grupo [&hellip;]","protected":false},"author":1,"featured_media":0,"parent":0,"menu_order":0,"comment_status":"closed","ping_status":"closed","template":"elementor_header_footer","meta":{"footnotes":""},"_links":{"self":[{"href":"http:\/\/www.precision.com.gt\/home\/wp-json\/wp\/v2\/pages\/226"}],"collection":[{"href":"http:\/\/www.precision.com.gt\/home\/wp-json\/wp\/v2\/pages"}],"about":[{"href":"http:\/\/www.precision.com.gt\/home\/wp-json\/wp\/v2\/types\/page"}],"author":[{"embeddable":true,"href":"http:\/\/www.precision.com.gt\/home\/wp-json\/wp\/v2\/users\/1"}],"replies":[{"embeddable":true,"href":"http:\/\/www.precision.com.gt\/home\/wp-json\/wp\/v2\/comments?post=226"}],"version-history":[{"count":6,"href":"http:\/\/www.precision.com.gt\/home\/wp-json\/wp\/v2\/pages\/226\/revisions"}],"predecessor-version":[{"id":624,"href":"http:\/\/www.precision.com.gt\/home\/wp-json\/wp\/v2\/pages\/226\/revisions\/624"}],"wp:attachment":[{"href":"http:\/\/www.precision.com.gt\/home\/wp-json\/wp\/v2\/media?parent=226"}],"curies":[{"name":"wp","href":"https:\/\/api.w.org\/{rel}","templated":true}]}}