{"id":962,"date":"2018-09-17T15:06:33","date_gmt":"2018-09-17T21:06:33","guid":{"rendered":"http:\/\/www.precision.com.gt\/home\/?page_id=962"},"modified":"2019-03-04T15:46:37","modified_gmt":"2019-03-04T21:46:37","slug":"valoradores-2","status":"publish","type":"page","link":"http:\/\/www.precision.com.gt\/home\/mettler-toledo\/valoradores-2\/","title":{"rendered":"Valoradores"},"content":{"rendered":"\t\t<div data-elementor-type=\"wp-post\" data-elementor-id=\"962\" class=\"elementor elementor-962 elementor-bc-flex-widget\">\n\t\t\t\t\t\t<div class=\"elementor-inner\">\n\t\t\t\t<div class=\"elementor-section-wrap\">\n\t\t\t\t\t\t\t\t\t<section class=\"elementor-section elementor-top-section elementor-element elementor-element-772434be elementor-section-boxed elementor-section-height-default elementor-section-height-default\" data-id=\"772434be\" data-element_type=\"section\">\n\t\t\t\t\t\t<div class=\"elementor-container elementor-column-gap-default\">\n\t\t\t\t\t\t\t<div class=\"elementor-row\">\n\t\t\t\t\t<div class=\"elementor-column elementor-col-50 elementor-top-column elementor-element elementor-element-57bade8\" data-id=\"57bade8\" data-element_type=\"column\">\n\t\t\t<div class=\"elementor-column-wrap elementor-element-populated\">\n\t\t\t\t\t\t\t<div class=\"elementor-widget-wrap\">\n\t\t\t\t\t\t<div class=\"elementor-element elementor-element-732d8d28 elementor-widget elementor-widget-text-editor\" data-id=\"732d8d28\" data-element_type=\"widget\" data-widget_type=\"text-editor.default\">\n\t\t\t\t<div class=\"elementor-widget-container\">\n\t\t\t\t\t\t\t\t<div class=\"elementor-text-editor elementor-clearfix\">\n\t\t\t\t<h1>VALORADORES<\/h1><p>METTLER TOLEDO ofrece soluciones de instrumentaci\u00f3n anal\u00edtica para valoradores potenciom\u00e9tricos y valoraciones de Karl-Fischer haciendo hincapi\u00e9 en la facilidad de uso, la flexibilidad y la productividad. Teniendo a su disposici\u00f3n una gama completa de valoradores, cambiadores autom\u00e1ticos de muestras, sensores y accesorios que abarcan la mayor\u00eda de las aplicaciones de valoraci\u00f3n.<\/p>\t\t\t\t\t<\/div>\n\t\t\t\t\t\t<\/div>\n\t\t\t\t<\/div>\n\t\t\t\t\t\t<\/div>\n\t\t\t\t\t<\/div>\n\t\t<\/div>\n\t\t\t\t<div class=\"elementor-column elementor-col-50 elementor-top-column elementor-element elementor-element-73651183\" data-id=\"73651183\" data-element_type=\"column\">\n\t\t\t<div class=\"elementor-column-wrap elementor-element-populated\">\n\t\t\t\t\t\t\t<div class=\"elementor-widget-wrap\">\n\t\t\t\t\t\t<div class=\"elementor-element elementor-element-b799651 elementor-widget elementor-widget-image\" data-id=\"b799651\" data-element_type=\"widget\" data-widget_type=\"image.default\">\n\t\t\t\t<div class=\"elementor-widget-container\">\n\t\t\t\t\t\t\t\t<div class=\"elementor-image\">\n\t\t\t\t\t\t\t\t\t\t\t\t<img loading=\"lazy\" decoding=\"async\" width=\"150\" height=\"93\" src=\"http:\/\/www.precision.com.gt\/wp-content\/uploads\/2018\/09\/Mettler-Toledo-grande-150x93.png\" class=\"attachment-thumbnail size-thumbnail\" alt=\"\" srcset=\"http:\/\/www.precision.com.gt\/wp-content\/uploads\/2018\/09\/Mettler-Toledo-grande-150x93.png 150w, http:\/\/www.precision.com.gt\/wp-content\/uploads\/2018\/09\/Mettler-Toledo-grande-300x186.png 300w, http:\/\/www.precision.com.gt\/wp-content\/uploads\/2018\/09\/Mettler-Toledo-grande-768x476.png 768w, http:\/\/www.precision.com.gt\/wp-content\/uploads\/2018\/09\/Mettler-Toledo-grande-1024x634.png 1024w, http:\/\/www.precision.com.gt\/wp-content\/uploads\/2018\/09\/Mettler-Toledo-grande-340x210.png 340w, http:\/\/www.precision.com.gt\/wp-content\/uploads\/2018\/09\/Mettler-Toledo-grande-570x350.png 570w, http:\/\/www.precision.com.gt\/wp-content\/uploads\/2018\/09\/Mettler-Toledo-grande-250x155.png 250w, http:\/\/www.precision.com.gt\/wp-content\/uploads\/2018\/09\/Mettler-Toledo-grande-550x341.png 550w, http:\/\/www.precision.com.gt\/wp-content\/uploads\/2018\/09\/Mettler-Toledo-grande-800x496.png 800w, http:\/\/www.precision.com.gt\/wp-content\/uploads\/2018\/09\/Mettler-Toledo-grande-291x180.png 291w, http:\/\/www.precision.com.gt\/wp-content\/uploads\/2018\/09\/Mettler-Toledo-grande-484x300.png 484w, http:\/\/www.precision.com.gt\/wp-content\/uploads\/2018\/09\/Mettler-Toledo-grande-807x500.png 807w, http:\/\/www.precision.com.gt\/wp-content\/uploads\/2018\/09\/Mettler-Toledo-grande.png 2000w\" sizes=\"(max-width: 150px) 100vw, 150px\" \/>\t\t\t\t\t\t\t\t\t\t\t\t\t\t<\/div>\n\t\t\t\t\t\t<\/div>\n\t\t\t\t<\/div>\n\t\t\t\t<div class=\"elementor-element elementor-element-60fdb253 elementor-button-danger elementor-align-center elementor-widget elementor-widget-button\" data-id=\"60fdb253\" data-element_type=\"widget\" data-widget_type=\"button.default\">\n\t\t\t\t<div class=\"elementor-widget-container\">\n\t\t\t\t\t<div class=\"elementor-button-wrapper\">\n\t\t\t<a href=\"http:\/\/www.precision.com.gt\/home\/mettler-toledo\/\" class=\"elementor-button-link elementor-button elementor-size-xs\" role=\"button\">\n\t\t\t\t\t\t<span class=\"elementor-button-content-wrapper\">\n\t\t\t\t\t\t\t<span class=\"elementor-button-icon elementor-align-icon-left\">\n\t\t\t\t\t\t\t\t\t<i class=\"fa fa-mail-reply\" aria-hidden=\"true\"><\/i>\n\t\t\t\t\t\t\t<\/span>\n\t\t\t\t\t\t<span class=\"elementor-button-text\">Regresar \/ Ver Todo<\/span>\n\t\t<\/span>\n\t\t\t\t\t<\/a>\n\t\t<\/div>\n\t\t\t\t<\/div>\n\t\t\t\t<\/div>\n\t\t\t\t\t\t<\/div>\n\t\t\t\t\t<\/div>\n\t\t<\/div>\n\t\t\t\t\t\t\t\t<\/div>\n\t\t\t\t\t<\/div>\n\t\t<\/section>\n\t\t\t\t<section class=\"elementor-section elementor-top-section elementor-element elementor-element-70bcd453 elementor-section-boxed elementor-section-height-default elementor-section-height-default\" data-id=\"70bcd453\" data-element_type=\"section\">\n\t\t\t\t\t\t<div class=\"elementor-container elementor-column-gap-default\">\n\t\t\t\t\t\t\t<div class=\"elementor-row\">\n\t\t\t\t\t<div class=\"elementor-column elementor-col-33 elementor-top-column elementor-element elementor-element-39ca65b\" data-id=\"39ca65b\" data-element_type=\"column\">\n\t\t\t<div class=\"elementor-column-wrap elementor-element-populated\">\n\t\t\t\t\t\t\t<div class=\"elementor-widget-wrap\">\n\t\t\t\t\t\t<div class=\"elementor-element elementor-element-85567e4 elementor-widget elementor-widget-image\" data-id=\"85567e4\" data-element_type=\"widget\" data-widget_type=\"image.default\">\n\t\t\t\t<div class=\"elementor-widget-container\">\n\t\t\t\t\t\t\t\t<div class=\"elementor-image\">\n\t\t\t\t\t\t\t\t\t<figure class=\"wp-caption\">\n\t\t\t\t\t\t\t\t\t\t\t<a href=\"http:\/\/www.precision.com.gt\/home\/mettler-toledo\/valoradores-2\/valoradores-basicos\/\">\n\t\t\t\t\t\t\t<img loading=\"lazy\" decoding=\"async\" width=\"1010\" height=\"260\" src=\"http:\/\/www.precision.com.gt\/wp-content\/uploads\/2019\/03\/titulacion-easyplus.jpeg\" class=\"attachment-large size-large\" alt=\"\" srcset=\"http:\/\/www.precision.com.gt\/wp-content\/uploads\/2019\/03\/titulacion-easyplus.jpeg 1010w, http:\/\/www.precision.com.gt\/wp-content\/uploads\/2019\/03\/titulacion-easyplus-150x39.jpeg 150w, http:\/\/www.precision.com.gt\/wp-content\/uploads\/2019\/03\/titulacion-easyplus-300x77.jpeg 300w, http:\/\/www.precision.com.gt\/wp-content\/uploads\/2019\/03\/titulacion-easyplus-768x198.jpeg 768w, http:\/\/www.precision.com.gt\/wp-content\/uploads\/2019\/03\/titulacion-easyplus-250x64.jpeg 250w, http:\/\/www.precision.com.gt\/wp-content\/uploads\/2019\/03\/titulacion-easyplus-550x142.jpeg 550w, http:\/\/www.precision.com.gt\/wp-content\/uploads\/2019\/03\/titulacion-easyplus-800x206.jpeg 800w, http:\/\/www.precision.com.gt\/wp-content\/uploads\/2019\/03\/titulacion-easyplus-699x180.jpeg 699w\" sizes=\"(max-width: 1010px) 100vw, 1010px\" \/>\t\t\t\t\t\t\t\t<\/a>\n\t\t\t\t\t\t\t\t\t\t\t<figcaption class=\"widget-image-caption wp-caption-text\">Valoraci\u00f3n B\u00e1sica EasyPlus<\/figcaption>\n\t\t\t\t\t\t\t\t\t\t<\/figure>\n\t\t\t\t\t\t\t\t<\/div>\n\t\t\t\t\t\t<\/div>\n\t\t\t\t<\/div>\n\t\t\t\t<div class=\"elementor-element elementor-element-198f590 elementor-widget elementor-widget-image\" data-id=\"198f590\" data-element_type=\"widget\" data-widget_type=\"image.default\">\n\t\t\t\t<div class=\"elementor-widget-container\">\n\t\t\t\t\t\t\t\t<div class=\"elementor-image\">\n\t\t\t\t\t\t\t\t\t<figure class=\"wp-caption\">\n\t\t\t\t\t\t\t\t\t\t\t<a href=\"http:\/\/www.precision.com.gt\/home\/mettler-toledo\/valoradores-2\/titulacion-excellence\/\">\n\t\t\t\t\t\t\t<img loading=\"lazy\" decoding=\"async\" width=\"1010\" height=\"260\" src=\"http:\/\/www.precision.com.gt\/wp-content\/uploads\/2019\/03\/titulacion-excellence.jpeg\" class=\"attachment-large size-large\" alt=\"\" srcset=\"http:\/\/www.precision.com.gt\/wp-content\/uploads\/2019\/03\/titulacion-excellence.jpeg 1010w, http:\/\/www.precision.com.gt\/wp-content\/uploads\/2019\/03\/titulacion-excellence-150x39.jpeg 150w, http:\/\/www.precision.com.gt\/wp-content\/uploads\/2019\/03\/titulacion-excellence-300x77.jpeg 300w, http:\/\/www.precision.com.gt\/wp-content\/uploads\/2019\/03\/titulacion-excellence-768x198.jpeg 768w, http:\/\/www.precision.com.gt\/wp-content\/uploads\/2019\/03\/titulacion-excellence-250x64.jpeg 250w, http:\/\/www.precision.com.gt\/wp-content\/uploads\/2019\/03\/titulacion-excellence-550x142.jpeg 550w, http:\/\/www.precision.com.gt\/wp-content\/uploads\/2019\/03\/titulacion-excellence-800x206.jpeg 800w, http:\/\/www.precision.com.gt\/wp-content\/uploads\/2019\/03\/titulacion-excellence-699x180.jpeg 699w\" sizes=\"(max-width: 1010px) 100vw, 1010px\" \/>\t\t\t\t\t\t\t\t<\/a>\n\t\t\t\t\t\t\t\t\t\t\t<figcaption class=\"widget-image-caption wp-caption-text\">Valoraci\u00f3n Excellence<\/figcaption>\n\t\t\t\t\t\t\t\t\t\t<\/figure>\n\t\t\t\t\t\t\t\t<\/div>\n\t\t\t\t\t\t<\/div>\n\t\t\t\t<\/div>\n\t\t\t\t\t\t<\/div>\n\t\t\t\t\t<\/div>\n\t\t<\/div>\n\t\t\t\t<div class=\"elementor-column elementor-col-33 elementor-top-column elementor-element elementor-element-44d63df3\" data-id=\"44d63df3\" data-element_type=\"column\">\n\t\t\t<div class=\"elementor-column-wrap elementor-element-populated\">\n\t\t\t\t\t\t\t<div class=\"elementor-widget-wrap\">\n\t\t\t\t\t\t<div class=\"elementor-element elementor-element-d0dcefe elementor-widget elementor-widget-image\" data-id=\"d0dcefe\" data-element_type=\"widget\" data-widget_type=\"image.default\">\n\t\t\t\t<div class=\"elementor-widget-container\">\n\t\t\t\t\t\t\t\t<div class=\"elementor-image\">\n\t\t\t\t\t\t\t\t\t<figure class=\"wp-caption\">\n\t\t\t\t\t\t\t\t\t\t\t<a href=\"http:\/\/www.precision.com.gt\/home\/mettler-toledo\/valoradores-2\/valoradores-compact\/\">\n\t\t\t\t\t\t\t<img loading=\"lazy\" decoding=\"async\" width=\"1010\" height=\"260\" src=\"http:\/\/www.precision.com.gt\/wp-content\/uploads\/2019\/03\/titulacion-compact.jpeg\" class=\"attachment-large size-large\" alt=\"\" srcset=\"http:\/\/www.precision.com.gt\/wp-content\/uploads\/2019\/03\/titulacion-compact.jpeg 1010w, http:\/\/www.precision.com.gt\/wp-content\/uploads\/2019\/03\/titulacion-compact-150x39.jpeg 150w, http:\/\/www.precision.com.gt\/wp-content\/uploads\/2019\/03\/titulacion-compact-300x77.jpeg 300w, http:\/\/www.precision.com.gt\/wp-content\/uploads\/2019\/03\/titulacion-compact-768x198.jpeg 768w, http:\/\/www.precision.com.gt\/wp-content\/uploads\/2019\/03\/titulacion-compact-250x64.jpeg 250w, http:\/\/www.precision.com.gt\/wp-content\/uploads\/2019\/03\/titulacion-compact-550x142.jpeg 550w, http:\/\/www.precision.com.gt\/wp-content\/uploads\/2019\/03\/titulacion-compact-800x206.jpeg 800w, http:\/\/www.precision.com.gt\/wp-content\/uploads\/2019\/03\/titulacion-compact-699x180.jpeg 699w\" sizes=\"(max-width: 1010px) 100vw, 1010px\" \/>\t\t\t\t\t\t\t\t<\/a>\n\t\t\t\t\t\t\t\t\t\t\t<figcaption class=\"widget-image-caption wp-caption-text\">Valoraci\u00f3n Compact<\/figcaption>\n\t\t\t\t\t\t\t\t\t\t<\/figure>\n\t\t\t\t\t\t\t\t<\/div>\n\t\t\t\t\t\t<\/div>\n\t\t\t\t<\/div>\n\t\t\t\t<div class=\"elementor-element elementor-element-8bc0a2b elementor-widget elementor-widget-image\" data-id=\"8bc0a2b\" data-element_type=\"widget\" data-widget_type=\"image.default\">\n\t\t\t\t<div class=\"elementor-widget-container\">\n\t\t\t\t\t\t\t\t<div class=\"elementor-image\">\n\t\t\t\t\t\t\t\t\t<figure class=\"wp-caption\">\n\t\t\t\t\t\t\t\t\t\t\t<a href=\"http:\/\/www.precision.com.gt\/home\/mettler-toledo\/valoradores-2\/sistemas-automatizados-valoracion\/\">\n\t\t\t\t\t\t\t<img loading=\"lazy\" decoding=\"async\" width=\"1010\" height=\"260\" src=\"http:\/\/www.precision.com.gt\/wp-content\/uploads\/2019\/03\/titulacion-automatica.jpeg\" class=\"attachment-large size-large\" alt=\"\" srcset=\"http:\/\/www.precision.com.gt\/wp-content\/uploads\/2019\/03\/titulacion-automatica.jpeg 1010w, http:\/\/www.precision.com.gt\/wp-content\/uploads\/2019\/03\/titulacion-automatica-150x39.jpeg 150w, http:\/\/www.precision.com.gt\/wp-content\/uploads\/2019\/03\/titulacion-automatica-300x77.jpeg 300w, http:\/\/www.precision.com.gt\/wp-content\/uploads\/2019\/03\/titulacion-automatica-768x198.jpeg 768w, http:\/\/www.precision.com.gt\/wp-content\/uploads\/2019\/03\/titulacion-automatica-250x64.jpeg 250w, http:\/\/www.precision.com.gt\/wp-content\/uploads\/2019\/03\/titulacion-automatica-550x142.jpeg 550w, http:\/\/www.precision.com.gt\/wp-content\/uploads\/2019\/03\/titulacion-automatica-800x206.jpeg 800w, http:\/\/www.precision.com.gt\/wp-content\/uploads\/2019\/03\/titulacion-automatica-699x180.jpeg 699w\" sizes=\"(max-width: 1010px) 100vw, 1010px\" \/>\t\t\t\t\t\t\t\t<\/a>\n\t\t\t\t\t\t\t\t\t\t\t<figcaption class=\"widget-image-caption wp-caption-text\">Sistemas de Automatizaci\u00f3n<\/figcaption>\n\t\t\t\t\t\t\t\t\t\t<\/figure>\n\t\t\t\t\t\t\t\t<\/div>\n\t\t\t\t\t\t<\/div>\n\t\t\t\t<\/div>\n\t\t\t\t\t\t<\/div>\n\t\t\t\t\t<\/div>\n\t\t<\/div>\n\t\t\t\t<div class=\"elementor-column elementor-col-33 elementor-top-column elementor-element elementor-element-298a5277\" data-id=\"298a5277\" data-element_type=\"column\">\n\t\t\t<div class=\"elementor-column-wrap elementor-element-populated\">\n\t\t\t\t\t\t\t<div class=\"elementor-widget-wrap\">\n\t\t\t\t\t\t<div class=\"elementor-element elementor-element-4f37332 elementor-widget elementor-widget-image\" data-id=\"4f37332\" data-element_type=\"widget\" data-widget_type=\"image.default\">\n\t\t\t\t<div class=\"elementor-widget-container\">\n\t\t\t\t\t\t\t\t<div class=\"elementor-image\">\n\t\t\t\t\t\t\t\t\t<figure class=\"wp-caption\">\n\t\t\t\t\t\t\t\t\t\t\t<a href=\"http:\/\/www.precision.com.gt\/home\/mettler-toledo\/valoradores-2\/valoracion-karl-fischer\/\">\n\t\t\t\t\t\t\t<img loading=\"lazy\" decoding=\"async\" width=\"1010\" height=\"260\" src=\"http:\/\/www.precision.com.gt\/wp-content\/uploads\/2019\/03\/Titulacion-karl-fisher.jpeg\" class=\"attachment-large size-large\" alt=\"\" srcset=\"http:\/\/www.precision.com.gt\/wp-content\/uploads\/2019\/03\/Titulacion-karl-fisher.jpeg 1010w, http:\/\/www.precision.com.gt\/wp-content\/uploads\/2019\/03\/Titulacion-karl-fisher-150x39.jpeg 150w, http:\/\/www.precision.com.gt\/wp-content\/uploads\/2019\/03\/Titulacion-karl-fisher-300x77.jpeg 300w, http:\/\/www.precision.com.gt\/wp-content\/uploads\/2019\/03\/Titulacion-karl-fisher-768x198.jpeg 768w, http:\/\/www.precision.com.gt\/wp-content\/uploads\/2019\/03\/Titulacion-karl-fisher-250x64.jpeg 250w, http:\/\/www.precision.com.gt\/wp-content\/uploads\/2019\/03\/Titulacion-karl-fisher-550x142.jpeg 550w, http:\/\/www.precision.com.gt\/wp-content\/uploads\/2019\/03\/Titulacion-karl-fisher-800x206.jpeg 800w, http:\/\/www.precision.com.gt\/wp-content\/uploads\/2019\/03\/Titulacion-karl-fisher-699x180.jpeg 699w\" sizes=\"(max-width: 1010px) 100vw, 1010px\" \/>\t\t\t\t\t\t\t\t<\/a>\n\t\t\t\t\t\t\t\t\t\t\t<figcaption class=\"widget-image-caption wp-caption-text\">Valoraci\u00f3n Karl-Fischer<\/figcaption>\n\t\t\t\t\t\t\t\t\t\t<\/figure>\n\t\t\t\t\t\t\t\t<\/div>\n\t\t\t\t\t\t<\/div>\n\t\t\t\t<\/div>\n\t\t\t\t<div class=\"elementor-element elementor-element-3abef0c elementor-widget elementor-widget-image\" data-id=\"3abef0c\" data-element_type=\"widget\" data-widget_type=\"image.default\">\n\t\t\t\t<div class=\"elementor-widget-container\">\n\t\t\t\t\t\t\t\t<div class=\"elementor-image\">\n\t\t\t\t\t\t\t\t\t<figure class=\"wp-caption\">\n\t\t\t\t\t\t\t\t\t\t\t<a href=\"http:\/\/www.precision.com.gt\/home\/mettler-toledo\/valoradores-2\/sensores-para-valoracion\/\">\n\t\t\t\t\t\t\t<img loading=\"lazy\" decoding=\"async\" width=\"1010\" height=\"260\" src=\"http:\/\/www.precision.com.gt\/wp-content\/uploads\/2019\/03\/titulacion-sensor.jpeg\" class=\"attachment-large size-large\" alt=\"\" srcset=\"http:\/\/www.precision.com.gt\/wp-content\/uploads\/2019\/03\/titulacion-sensor.jpeg 1010w, http:\/\/www.precision.com.gt\/wp-content\/uploads\/2019\/03\/titulacion-sensor-150x39.jpeg 150w, http:\/\/www.precision.com.gt\/wp-content\/uploads\/2019\/03\/titulacion-sensor-300x77.jpeg 300w, http:\/\/www.precision.com.gt\/wp-content\/uploads\/2019\/03\/titulacion-sensor-768x198.jpeg 768w, http:\/\/www.precision.com.gt\/wp-content\/uploads\/2019\/03\/titulacion-sensor-250x64.jpeg 250w, http:\/\/www.precision.com.gt\/wp-content\/uploads\/2019\/03\/titulacion-sensor-550x142.jpeg 550w, http:\/\/www.precision.com.gt\/wp-content\/uploads\/2019\/03\/titulacion-sensor-800x206.jpeg 800w, http:\/\/www.precision.com.gt\/wp-content\/uploads\/2019\/03\/titulacion-sensor-699x180.jpeg 699w\" sizes=\"(max-width: 1010px) 100vw, 1010px\" \/>\t\t\t\t\t\t\t\t<\/a>\n\t\t\t\t\t\t\t\t\t\t\t<figcaption class=\"widget-image-caption wp-caption-text\">Sensores para Valoraci\u00f3n<\/figcaption>\n\t\t\t\t\t\t\t\t\t\t<\/figure>\n\t\t\t\t\t\t\t\t<\/div>\n\t\t\t\t\t\t<\/div>\n\t\t\t\t<\/div>\n\t\t\t\t\t\t<\/div>\n\t\t\t\t\t<\/div>\n\t\t<\/div>\n\t\t\t\t\t\t\t\t<\/div>\n\t\t\t\t\t<\/div>\n\t\t<\/section>\n\t\t\t\t<section class=\"elementor-section elementor-top-section elementor-element elementor-element-15437f97 elementor-section-boxed elementor-section-height-default elementor-section-height-default\" data-id=\"15437f97\" data-element_type=\"section\">\n\t\t\t\t\t\t<div class=\"elementor-container elementor-column-gap-default\">\n\t\t\t\t\t\t\t<div class=\"elementor-row\">\n\t\t\t\t\t<div class=\"elementor-column elementor-col-33 elementor-top-column elementor-element elementor-element-3e34e4c9\" data-id=\"3e34e4c9\" data-element_type=\"column\">\n\t\t\t<div class=\"elementor-column-wrap\">\n\t\t\t\t\t\t\t<div class=\"elementor-widget-wrap\">\n\t\t\t\t\t\t\t\t<\/div>\n\t\t\t\t\t<\/div>\n\t\t<\/div>\n\t\t\t\t<div class=\"elementor-column elementor-col-33 elementor-top-column elementor-element elementor-element-3fefe2f9\" data-id=\"3fefe2f9\" data-element_type=\"column\">\n\t\t\t<div class=\"elementor-column-wrap elementor-element-populated\">\n\t\t\t\t\t\t\t<div class=\"elementor-widget-wrap\">\n\t\t\t\t\t\t<div class=\"elementor-element elementor-element-5e2cb748 elementor-position-left elementor-view-default elementor-mobile-position-top elementor-vertical-align-top elementor-widget elementor-widget-icon-box\" data-id=\"5e2cb748\" data-element_type=\"widget\" data-widget_type=\"icon-box.default\">\n\t\t\t\t<div class=\"elementor-widget-container\">\n\t\t\t\t\t<div class=\"elementor-icon-box-wrapper\">\n\t\t\t\t\t\t<div class=\"elementor-icon-box-icon\">\n\t\t\t\t<a class=\"elementor-icon elementor-animation-\" href=\"http:\/\/www.precision.com.gt\/home\/contactenos\/\">\n\t\t\t\t<i class=\"fa fa-phone-square\" aria-hidden=\"true\"><\/i>\t\t\t\t<\/a>\n\t\t\t<\/div>\n\t\t\t\t\t\t<div class=\"elementor-icon-box-content\">\n\t\t\t\t<h1 class=\"elementor-icon-box-title\">\n\t\t\t\t\t<a href=\"http:\/\/www.precision.com.gt\/home\/contactenos\/\" >\n\t\t\t\t\t\tContactenos\t\t\t\t\t<\/a>\n\t\t\t\t<\/h1>\n\t\t\t\t\t\t\t\t\t<p class=\"elementor-icon-box-description\">\n\t\t\t\t\t\tResolvemos sus dudas y preguntas\t\t\t\t\t<\/p>\n\t\t\t\t\t\t\t<\/div>\n\t\t<\/div>\n\t\t\t\t<\/div>\n\t\t\t\t<\/div>\n\t\t\t\t\t\t<\/div>\n\t\t\t\t\t<\/div>\n\t\t<\/div>\n\t\t\t\t<div class=\"elementor-column elementor-col-33 elementor-top-column elementor-element elementor-element-6884dc83\" data-id=\"6884dc83\" data-element_type=\"column\">\n\t\t\t<div class=\"elementor-column-wrap\">\n\t\t\t\t\t\t\t<div class=\"elementor-widget-wrap\">\n\t\t\t\t\t\t\t\t<\/div>\n\t\t\t\t\t<\/div>\n\t\t<\/div>\n\t\t\t\t\t\t\t\t<\/div>\n\t\t\t\t\t<\/div>\n\t\t<\/section>\n\t\t\t\t\t\t\t\t\t<\/div>\n\t\t\t<\/div>\n\t\t\t\t\t<\/div>\n\t\t","protected":false},"excerpt":{"rendered":"VALORADORESMETTLER TOLEDO ofrece soluciones de instrumentaci\u00f3n anal\u00edtica para valoradores potenciom\u00e9tricos y valoraciones de Karl-Fischer haciendo hincapi\u00e9 en la facilidad de uso, la flexibilidad y la productividad. Teniendo a su disposici\u00f3n una gama completa de valoradores, cambiadores autom\u00e1ticos de muestras, sensores y accesorios que abarcan la mayor\u00eda de las aplicaciones de valoraci\u00f3n. Regresar \/ Ver Todo [&hellip;]","protected":false},"author":3,"featured_media":0,"parent":708,"menu_order":0,"comment_status":"closed","ping_status":"closed","template":"elementor_header_footer","meta":{"footnotes":""},"_links":{"self":[{"href":"http:\/\/www.precision.com.gt\/home\/wp-json\/wp\/v2\/pages\/962"}],"collection":[{"href":"http:\/\/www.precision.com.gt\/home\/wp-json\/wp\/v2\/pages"}],"about":[{"href":"http:\/\/www.precision.com.gt\/home\/wp-json\/wp\/v2\/types\/page"}],"author":[{"embeddable":true,"href":"http:\/\/www.precision.com.gt\/home\/wp-json\/wp\/v2\/users\/3"}],"replies":[{"embeddable":true,"href":"http:\/\/www.precision.com.gt\/home\/wp-json\/wp\/v2\/comments?post=962"}],"version-history":[{"count":3,"href":"http:\/\/www.precision.com.gt\/home\/wp-json\/wp\/v2\/pages\/962\/revisions"}],"predecessor-version":[{"id":1848,"href":"http:\/\/www.precision.com.gt\/home\/wp-json\/wp\/v2\/pages\/962\/revisions\/1848"}],"up":[{"embeddable":true,"href":"http:\/\/www.precision.com.gt\/home\/wp-json\/wp\/v2\/pages\/708"}],"wp:attachment":[{"href":"http:\/\/www.precision.com.gt\/home\/wp-json\/wp\/v2\/media?parent=962"}],"curies":[{"name":"wp","href":"https:\/\/api.w.org\/{rel}","templated":true}]}}